1 (base 11) in base 5?
-1442142
-1009 (base 15) to base 16
-d38
What is 9ea (base 16) in base 12?
1576
What is -a921 (base 11) in base 13?
-6745
Convert a23 (base 13) to base 2.
11010110111
What is -2111201 (base 4) in base 11?
-720a
Convert -1334 (base 6) to base 5.
-2341
Convert -5544 (base 8) to base 16.
-b64
What is -21111 (base 5) in base 6?
-10302
Convert 1022000 (base 3) to base 7.
2520
2a4d (base 14) to base 4
1311131
1b10 (base 13) to base 4
333211
Convert 21 (base 11) to base 13.
1a
Convert 31202 (base 5) to base 7.
5661
Convert -343000 (base 5) to base 10.
-12250
What is -2422 (base 8) in base 4?
-110102
-145 (base 10) to base 15
-9a
113 (base 5) to base 10
33
-1005 (base 6) to base 11
-191
Convert 1100100100 (base 2) to base 14.
416
-3315 (base 15) to base 6
-122032
-113312 (base 4) to base 12
-a72
What is 3b72 (base 13) in base 9?
12642
What is -2a7 (base 12) in base 10?
-415
What is -1222312 (base 4) in base 14?
-26c6
What is -1a8a (base 12) in base 5?
-101044
3122 (base 4) to base 13
13a
What is 326 (base 10) in base 16?
146
What is 309 (base 13) in base 10?
516
What is -110 (base 11) in base 9?
-156
Convert 10346 (base 8) to base 4.
1003212
Convert 5004 (base 6) to base 14.
576
-682 (base 14) to base 16
-50a
Convert 1012001 (base 3) to base 12.
601
-150 (base 11) to base 7
-341
1076 (base 14) to base 12
1794
-3230 (base 6) to base 11
-611
193 (base 14) to base 2
101000101
1203021 (base 4) to base 15
1d30
ab1 (base 13) to base 3
2111221
310214 (base 6) to base 3
1020220001
What is 100011010000 (base 2) in base 15?
a06
What is 1618 (base 12) in base 6?
20032
Convert 85b0 (base 13) to base 11.
12a47
Convert 384a (base 16) to base 6.
150414
-15a (base 13) to base 10
-244
What is -73a (base 12) in base 3?
-1110001
Convert -341334 (base 5) to base 4.
-2330332
40014 (base 5) to base 15
b24
What is -1100010 (base 3) in base 9?
-1303
55661 (base 7) to base 13
6524
-a091 (base 11) to base 15
-3e90
Convert 946 (base 11) to base 6.
5135
-6349 (base 15) to base 4
-11020002
Convert 1320131 (base 4) to base 3.
101120112
What is -37022 (base 12) in base 15?
-17055
What is -2432 (base 5) in base 8?
-557
-152 (base 12) to base 7
-413
-202330 (base 4) to base 12
-1364
What is 1111000101 (base 2) in base 16?
3c5
Convert a185 (base 13) to base 14.
8172
What is 33 (base 7) in base 2?
11000
What is 440 (base 13) in base 8?
1330
What is 1ac0 (base 13) in base 5?
112133
Convert -11110111010101 (base 2) to base 4.
-3313111
Convert 30010 (base 4) to base 11.
642
Convert -53234 (base 7) to base 15.
-3d72
What is 3192 (base 12) in base 13?
2624
Convert 178 (base 10) to base 11.
152
Convert -3513 (base 6) to base 3.
-1011000
7150 (base 15) to base 10
23925
What is -12212101 (base 3) in base 2?
-1000010110100
What is -1079 (base 13) in base 3?
-10011002
2221234 (base 5) to base 11
27294
Convert -3142 (base 8) to base 15.
-73e
What is 3140 (base 5) in base 6?
1540
Convert -352 (base 9) to base 4.
-10202
-3434 (base 8) to base 3
-2111102
Convert -440 (base 7) to base 2.
-11100000
-200202120 (base 3) to base 4
-3111231
Convert 26733 (base 11) to base 10.
38151
What is 21002 (base 3) in base 11?
164
2220002122 (base 3) to base 14
16a69
-42226 (base 11) to base 16
-f038
12302200 (base 4) to base 14
a1c4
What is 1252 (base 11) in base 4?
121132
112121 (base 3) to base 10
394
Convert -17560 (base 9) to base 13.
-5697
-141402 (base 6) to base 15
-3e32
Convert -3946 (base 16) to base 6.
-151514
1001444 (base 5) to base 8
37002
2a (base 11) to base 13
26
What is 2002 (base 6) in base 9?
532
Convert -306 (base 9) to base 12.
-189
What is -11611 (base 10) in base 12?
-6877
-24121 (base 8) to base 12
-5b81
-13122 (base 4) to base 2
-111011010
What is -43111 (base 5) in base 4?
-231122
-514 (base 7) to base 6
-1104
-2a69b (base 13) to base 9
-132048
What is -90d (base 14) in base 8?
-3361
What is 32035 (base 6) in base 2?
1000011110111
-102211 (base 4) to base 7
-3316
Convert 34406 (base 7) to base 2.
10001001001001
-756 (base 13) to base 3
-1201110
12222212 (base 3) to base 12
2642
What is -1010111101001 (base 2) in base 11?
-423a
-220200 (base 3) to base 16
-29a
What is -62ad (base 15) in base 6?
-240331
5202 (base 6) to base 3
1120202
Convert -5201 (base 6) to base 5.
-14103
-684 (base 15) to base 8
-2702
What is -1cc4 (base 15) in base 13?
-2b06
-33041 (base 6) to base 7
-16204
-446 (base 11) to base 6
-2250
What is -43608 (base 9) in base 16?
-70fd
Convert 131222 (base 5) to base 6.
40003
What is 876 (base 10) in base 13?
525
What is -1594 (base 10) in base 8?
-3072
Convert 5386 (base 10) to base 2.
1010100001010
What is -237 (base 15) in base 13?
-2c8
What is -215253 (base 7) in base 3?
-1220221110
What is 1297 (base 12) in base 13?
c7c
-101100111100 (base 2) to base 5
-43001
What is 3403 (base 6) in base 3?
1002110
8703 (base 9) to base 15
1d6c
What is -1008 (base 12) in base 11?
-1339
What is -165 (base 9) in base 10?
-140
Convert 845 (base 15) to base 11.
1446
Convert 4470 (base 8) to base 9.
3212
-504 (base 8) to base 4
-11010
Convert 111111 (base 3) to base 12.
264
812 (base 9) to base 3
220102
-114e (base 16) to base 14
-1886
Convert 30ab (base 13) to base 12.
3a90
What is 35a (base 12) in base 13?
2c8
What is -20105 (base 8) in base 11?
-6230
Convert -10012 (base 6) to base 11.
-a86
28a (base 11) to base 9
417
-f4e (base 16) to base 6
-30050
Convert -7504 (base 9) to base 16.
-1588
1401440 (base 5) to base 3
1102220202
What is 4fa (base 16) in base 2?
10011111010
What is 3ab (base 14) in base 13?
44b
Convert 7211 (base 9) to base 6.
40231
Convert -102210211 (base 3) to base 6.
-103504
Convert a12 (base 15) to base 6.
14255
-10010101111110010 (base 2) to base 16
-12bf2
-203112 (base 4) to base 8
-4326
-1222121 (base 3) to base 10
-1447
Convert 4cb3 (base 15) to base 16.
3ff0
Convert 674b (base 12) to base 14.
424b
Convert 5055 (base 6) to base 2.
10001011011
Convert 63356 (base 7) to base 11.
10813
What is 5a9 (base 13) in base 15?
459
-2223 (base 6) to base 8
-1007
-127 (base 9) to base 6
-254
What is -aa (base 13) in base 3?
-12012
What is -1004 (base 11) in base 7?
-3615
Convert 655 (base 10) to base 7.
1624
What is 11111011 (base 2) in base 4?
3323
Convert -1886 (base 11) to base 2.
-100101011001
-141130 (base 5) to base 3
-21221110
-53a5 (base 13) to base 6
-125455
What is -1ad (base 14) in base 9?
-427
Convert 1010001101 (base 2) to base 9.
805
Convert 1013001 (base 4) to base 15.
1530
-2452 (base 8) to base 16
-52a
What is -3ac3 (base 14) in base 15?
-310d
110100000110011 (base 2) to base 6
323255
-432141 (base 5) to base 11
-10028
What is -17739 (base 11) in base 5?
-1243342
11111 (base 2) to base 5
111
Convert 3553 (base 6) to base 2.
1101011101
What is -14211 (base 6) in base 7?
-6346
Convert 62c0 (base 13) to base 14.
4dac
Convert 42111 (base 11) to base 8.
167657
-34c5 (base 13) to base 5
-214203
What is -1383 (base 15) in base 4?
-1001031
What is -222 (base 15) in base 4?
-13202
What is -202201112 (base 3) in base 8?
-35403
Convert -100000110110 (base 2) to base 16.
-836
What is 1271 (base 8) in base 4?
22321
3085 (base 10) to base 15
daa
What is 3250 (base 12) in base 7?
22062
What is 48543 (base 11) in base 10?
69864
Convert -17538 (base 10) to base 9.
-26046
409 (base 12) to base 8
1111
What is 49 (base 10) in base 2?
110001
Convert -4aa4 (base 12) to base 7.
-33466
What is -24322 (base 5) in base 4?
-130231
What is 1201022200 (base 3) in base 7?
200310
Convert -40701 (base 9) to base 7.
-141112
Convert 10322 (base 4) to base 13.
1b2
-1111201000 (base 3) to base 4
-13033221
30433 (base 6) to base 7
14550
What is -308a (base 11) in base 9?
-5545
What is 20233 (base 4) in base 3?
202201
Convert -5c55 (base 16) to base 14.
-8885
Convert 206a (base 15) to base 4.
1223002
Convert -120422 (base 7) to base 3.
-1002221012
-1331102 (base 4) to base 16
-1f52
2411 (base 10) to base 8
4553
-3be1 (base 15) to base 4
-3020023
-33e9 (base 16) to base 5
-411124
a76 (base 13) to base 12
104b
2486 (base 9) to base 13
b01
-10110011111 (base 2) to base 4
-112133
What is -111201 (base 3) in base 4?
-11302
-1614 (base 16) to base 8
-13024
1120512 (base 6) to base 13
2006c
Convert 78ba (base 12) to base 10.
13390
Convert 18 (base 13) to base 11.
1a
2031 (base 6)